{"id":2951,"date":"2025-09-15T13:44:38","date_gmt":"2025-09-15T11:44:38","guid":{"rendered":"https:\/\/www.easysoft.de\/blog\/?post_type=ufaq&#038;p=2951"},"modified":"2025-09-15T13:44:38","modified_gmt":"2025-09-15T11:44:38","slug":"wie-viele-pflegekraefte-schreibt-das-gesetz-pro-bewohner-vor","status":"publish","type":"ufaq","link":"https:\/\/www.easysoft.de\/blog\/ufaq\/wie-viele-pflegekraefte-schreibt-das-gesetz-pro-bewohner-vor\/","title":{"rendered":"Wie viele Pflegekr\u00e4fte schreibt das Gesetz pro Bewohner vor?"},"content":{"rendered":"<style>.ewd-ufaq-faq-title-text{\r\nmargin-top: 0px;\r\n}\r\n\r\n.ewd-ufaq-post-margin-symbol.ewd-ufaq- span{\r\nfont-size:22px !important;\r\n}<\/style><div  class=\"ewd-ufaq-faq-list ewd-ufaq-page-type-distinct ewd-ufaq-category-tabs-\" id='ewd-ufaq-faq-list'>\n\n\t<input type='hidden' name='show_on_load' value='' id='ewd-ufaq-show-on-load' \/>\n<input type='hidden' name='include_category' value='' id='ewd-ufaq-include-category' \/>\n<input type='hidden' name='exclude_category' value='' id='ewd-ufaq-exclude-category' \/>\n<input type='hidden' name='orderby' value='title' id='ewd-ufaq-orderby' \/>\n<input type='hidden' name='order' value='asc' id='ewd-ufaq-order' \/>\n<input type='hidden' name='post_count' value='-1' id='ewd-ufaq-post-count' \/>\n<input type='hidden' name='current_url' value='\/blog\/wp-json\/wp\/v2\/ufaq\/2951' id='ewd-ufaq-current-url' \/>\n\t\n\t\n\t<div class='ewd-ufaq-faqs'>\n\n\t\t<div  class=\"ewd-ufaq-faq-div ewd-ufaq-faq-column-count-one ewd-ufaq-faq-responsive-columns- ewd-ufaq-faq-display-style-default ewd-ufaq-can-be-toggled\" id='ewd-ufaq-post-2951-WT2BrF0ryw' data-post_id='2951'>\n\n\t\t\n\t<div class='ewd-ufaq-faq-title ewd-ufaq-faq-toggle'>\n\t\n\t<a class='ewd-ufaq-post-margin'  href='#' role=\"button\">\n\n\t\t<div class='ewd-ufaq-post-margin-symbol ewd-ufaq-'>\n\t\t\t<span >A<\/span>\n\t\t<\/div>\n\n\t\t<div class='ewd-ufaq-faq-title-text'>\n\n\t\t\t<h4>\n\t\t\t\tWie viele Pflegekr\u00e4fte schreibt das Gesetz pro Bewohner vor?\t\t\t<\/h4>\n\n\t\t<\/div>\n\n\t\t<div class='ewd-ufaq-clear'><\/div>\n\n\t<\/a>\n\t\n<\/div>\n\t\n\t<div class='ewd-ufaq-faq-body' >\n\n\t\t\n\t\t\t\n\t\t\n\t\t\t<div class='ewd-ufaq-post-margin ewd-ufaq-faq-post'>\n\t\n<p>Wie viele Pflegekr\u00e4fte pro Bewohner n\u00f6tig sind, h\u00e4ngt vom Pflegegrad ab. Nach \u00a7 113c SGB XI gibt es feste Werte. Zum Beispiel m\u00fcssen pro Bewohnerin mit Pflegegrad 5 folgende Qualifikationen in der Einrichtung vorhanden sein:  <\/p>\n\n\n\n<ul class=\"wp-block-list\">\n<li><strong>0,1758 Vollzeit\u00e4quivalente (VZ\u00c4) Hilfskraftpersonal ohne Ausbildung<\/strong> <\/li>\n\n\n\n<li><strong>0,1102 VZ\u00c4 Hilfskraftpersonal<\/strong> mit landesrechtlich geregelter Helfer- oder Assistenzausbildung in der Pflege mit einer Ausbildungsdauer von mindestens einem Jahr<\/li>\n\n\n\n<li><strong>0,3842 VZ\u00c4 Fachkraftpersonal<\/strong><\/li>\n<\/ul>\n\n\n\n<p>Die detaillierte Auflistung des ben\u00f6tigten Personalschl\u00fcssels finden Sie <a href=\"https:\/\/www.gesetze-im-internet.de\/sgb_11\/__113c.html\" target=\"_blank\" rel=\"noreferrer noopener\">im Gesetzestext<\/a>. Hiermit l\u00e4sst sich genau berechnen, wie viele Pflegekr\u00e4fte eine Einrichtung insgesamt einsetzen muss. Eine Hilfe dabei ist unser <a href=\"https:\/\/www.easysoft.de\/blog\/personalbemessung-pflege-vollzeitaequivalent-berechnen\/\">Excel-Rechner f\u00fcr die Personalbemessung<\/a>.<\/p>\n<\/div>\n\t\t\n\t\t\t\n\t\t\n\t\t\t\n\t\t\n\t\t\t\n\t\t\n\t\t\t\n\t\t\n\t\t\t\n\t\t\n\t\t\t\n\t\t\n\t\t\t\n\t\t\n\t\t\t\n\t\t\n\t<\/div>\n\n<\/div>\n\t<\/div>\n\n\t\n<\/div>","protected":false},"excerpt":{"rendered":"<p>A Wie viele Pflegekr\u00e4fte schreibt das Gesetz pro Bewohner vor? Wie viele Pflegekr\u00e4fte pro Bewohner n\u00f6tig sind, h\u00e4ngt vom Pflegegrad ab. Nach \u00a7 113c SGB (&#8230;)<\/p>\n","protected":false},"author":12,"featured_media":0,"comment_status":"open","ping_status":"closed","template":"","ufaq-category":[277],"ufaq-tag":[],"class_list":["post-2951","ufaq","type-ufaq","status-publish","hentry","ufaq-category-pebem-infos"],"acf":[],"yoast_head":"<!-- This site is optimized with the Yoast SEO plugin v27.5 - https:\/\/yoast.com\/product\/yoast-seo-wordpress\/ -->\n<title>Wie viele Pflegekr\u00e4fte schreibt das Gesetz pro Bewohner vor? - Der easySoft-Blog<\/title>\n<meta name=\"robots\" content=\"index, follow, max-snippet:-1, max-image-preview:large, max-video-preview:-1\" \/>\n<link rel=\"canonical\" href=\"https:\/\/www.easysoft.de\/blog\/ufaq\/wie-viele-pflegekraefte-schreibt-das-gesetz-pro-bewohner-vor\/\" \/>\n<meta property=\"og:locale\" content=\"de_DE\" \/>\n<meta property=\"og:type\" content=\"article\" \/>\n<meta property=\"og:title\" content=\"Wie viele Pflegekr\u00e4fte schreibt das Gesetz pro Bewohner vor? - Der easySoft-Blog\" \/>\n<meta property=\"og:description\" content=\"A Wie viele Pflegekr\u00e4fte schreibt das Gesetz pro Bewohner vor? Wie viele Pflegekr\u00e4fte pro Bewohner n\u00f6tig sind, h\u00e4ngt vom Pflegegrad ab. Nach \u00a7 113c SGB (...)\" \/>\n<meta property=\"og:url\" content=\"https:\/\/www.easysoft.de\/blog\/ufaq\/wie-viele-pflegekraefte-schreibt-das-gesetz-pro-bewohner-vor\/\" \/>\n<meta property=\"og:site_name\" content=\"Der easySoft-Blog\" \/>\n<meta name=\"twitter:card\" content=\"summary_large_image\" \/>\n<meta name=\"twitter:label1\" content=\"Gesch\u00e4tzte Lesezeit\" \/>\n\t<meta name=\"twitter:data1\" content=\"1\u00a0Minute\" \/>\n<script type=\"application\/ld+json\" class=\"yoast-schema-graph\">{\"@context\":\"https:\\\/\\\/schema.org\",\"@graph\":[{\"@type\":\"WebPage\",\"@id\":\"https:\\\/\\\/www.easysoft.de\\\/blog\\\/ufaq\\\/wie-viele-pflegekraefte-schreibt-das-gesetz-pro-bewohner-vor\\\/\",\"url\":\"https:\\\/\\\/www.easysoft.de\\\/blog\\\/ufaq\\\/wie-viele-pflegekraefte-schreibt-das-gesetz-pro-bewohner-vor\\\/\",\"name\":\"Wie viele Pflegekr\u00e4fte schreibt das Gesetz pro Bewohner vor? - Der easySoft-Blog\",\"isPartOf\":{\"@id\":\"https:\\\/\\\/www.easysoft.de\\\/blog\\\/#website\"},\"datePublished\":\"2025-09-15T11:44:38+00:00\",\"breadcrumb\":{\"@id\":\"https:\\\/\\\/www.easysoft.de\\\/blog\\\/ufaq\\\/wie-viele-pflegekraefte-schreibt-das-gesetz-pro-bewohner-vor\\\/#breadcrumb\"},\"inLanguage\":\"de\",\"potentialAction\":[{\"@type\":\"ReadAction\",\"target\":[\"https:\\\/\\\/www.easysoft.de\\\/blog\\\/ufaq\\\/wie-viele-pflegekraefte-schreibt-das-gesetz-pro-bewohner-vor\\\/\"]}]},{\"@type\":\"BreadcrumbList\",\"@id\":\"https:\\\/\\\/www.easysoft.de\\\/blog\\\/ufaq\\\/wie-viele-pflegekraefte-schreibt-das-gesetz-pro-bewohner-vor\\\/#breadcrumb\",\"itemListElement\":[{\"@type\":\"ListItem\",\"position\":1,\"name\":\"Home\",\"item\":\"https:\\\/\\\/www.easysoft.de\\\/blog\\\/\"},{\"@type\":\"ListItem\",\"position\":2,\"name\":\"FAQs\",\"item\":\"https:\\\/\\\/www.easysoft.de\\\/blog\\\/ufaq\\\/\"},{\"@type\":\"ListItem\",\"position\":3,\"name\":\"Wie viele Pflegekr\u00e4fte schreibt das Gesetz pro Bewohner vor?\"}]},{\"@type\":\"WebSite\",\"@id\":\"https:\\\/\\\/www.easysoft.de\\\/blog\\\/#website\",\"url\":\"https:\\\/\\\/www.easysoft.de\\\/blog\\\/\",\"name\":\"Der easySoft-Blog\",\"description\":\"Neues zu Ausbildung, Fortbildung und Personalentwicklung im Gesundheitswesen\",\"potentialAction\":[{\"@type\":\"SearchAction\",\"target\":{\"@type\":\"EntryPoint\",\"urlTemplate\":\"https:\\\/\\\/www.easysoft.de\\\/blog\\\/?s={search_term_string}\"},\"query-input\":{\"@type\":\"PropertyValueSpecification\",\"valueRequired\":true,\"valueName\":\"search_term_string\"}}],\"inLanguage\":\"de\"}]}<\/script>\n<!-- \/ Yoast SEO plugin. -->","yoast_head_json":{"title":"Wie viele Pflegekr\u00e4fte schreibt das Gesetz pro Bewohner vor? - Der easySoft-Blog","robots":{"index":"index","follow":"follow","max-snippet":"max-snippet:-1","max-image-preview":"max-image-preview:large","max-video-preview":"max-video-preview:-1"},"canonical":"https:\/\/www.easysoft.de\/blog\/ufaq\/wie-viele-pflegekraefte-schreibt-das-gesetz-pro-bewohner-vor\/","og_locale":"de_DE","og_type":"article","og_title":"Wie viele Pflegekr\u00e4fte schreibt das Gesetz pro Bewohner vor? - Der easySoft-Blog","og_description":"A Wie viele Pflegekr\u00e4fte schreibt das Gesetz pro Bewohner vor? Wie viele Pflegekr\u00e4fte pro Bewohner n\u00f6tig sind, h\u00e4ngt vom Pflegegrad ab. Nach \u00a7 113c SGB (...)","og_url":"https:\/\/www.easysoft.de\/blog\/ufaq\/wie-viele-pflegekraefte-schreibt-das-gesetz-pro-bewohner-vor\/","og_site_name":"Der easySoft-Blog","twitter_card":"summary_large_image","twitter_misc":{"Gesch\u00e4tzte Lesezeit":"1\u00a0Minute"},"schema":{"@context":"https:\/\/schema.org","@graph":[{"@type":"WebPage","@id":"https:\/\/www.easysoft.de\/blog\/ufaq\/wie-viele-pflegekraefte-schreibt-das-gesetz-pro-bewohner-vor\/","url":"https:\/\/www.easysoft.de\/blog\/ufaq\/wie-viele-pflegekraefte-schreibt-das-gesetz-pro-bewohner-vor\/","name":"Wie viele Pflegekr\u00e4fte schreibt das Gesetz pro Bewohner vor? - Der easySoft-Blog","isPartOf":{"@id":"https:\/\/www.easysoft.de\/blog\/#website"},"datePublished":"2025-09-15T11:44:38+00:00","breadcrumb":{"@id":"https:\/\/www.easysoft.de\/blog\/ufaq\/wie-viele-pflegekraefte-schreibt-das-gesetz-pro-bewohner-vor\/#breadcrumb"},"inLanguage":"de","potentialAction":[{"@type":"ReadAction","target":["https:\/\/www.easysoft.de\/blog\/ufaq\/wie-viele-pflegekraefte-schreibt-das-gesetz-pro-bewohner-vor\/"]}]},{"@type":"BreadcrumbList","@id":"https:\/\/www.easysoft.de\/blog\/ufaq\/wie-viele-pflegekraefte-schreibt-das-gesetz-pro-bewohner-vor\/#breadcrumb","itemListElement":[{"@type":"ListItem","position":1,"name":"Home","item":"https:\/\/www.easysoft.de\/blog\/"},{"@type":"ListItem","position":2,"name":"FAQs","item":"https:\/\/www.easysoft.de\/blog\/ufaq\/"},{"@type":"ListItem","position":3,"name":"Wie viele Pflegekr\u00e4fte schreibt das Gesetz pro Bewohner vor?"}]},{"@type":"WebSite","@id":"https:\/\/www.easysoft.de\/blog\/#website","url":"https:\/\/www.easysoft.de\/blog\/","name":"Der easySoft-Blog","description":"Neues zu Ausbildung, Fortbildung und Personalentwicklung im Gesundheitswesen","potentialAction":[{"@type":"SearchAction","target":{"@type":"EntryPoint","urlTemplate":"https:\/\/www.easysoft.de\/blog\/?s={search_term_string}"},"query-input":{"@type":"PropertyValueSpecification","valueRequired":true,"valueName":"search_term_string"}}],"inLanguage":"de"}]}},"_links":{"self":[{"href":"https:\/\/www.easysoft.de\/blog\/wp-json\/wp\/v2\/ufaq\/2951","targetHints":{"allow":["GET"]}}],"collection":[{"href":"https:\/\/www.easysoft.de\/blog\/wp-json\/wp\/v2\/ufaq"}],"about":[{"href":"https:\/\/www.easysoft.de\/blog\/wp-json\/wp\/v2\/types\/ufaq"}],"author":[{"embeddable":true,"href":"https:\/\/www.easysoft.de\/blog\/wp-json\/wp\/v2\/users\/12"}],"replies":[{"embeddable":true,"href":"https:\/\/www.easysoft.de\/blog\/wp-json\/wp\/v2\/comments?post=2951"}],"wp:attachment":[{"href":"https:\/\/www.easysoft.de\/blog\/wp-json\/wp\/v2\/media?parent=2951"}],"wp:term":[{"taxonomy":"ufaq-category","embeddable":true,"href":"https:\/\/www.easysoft.de\/blog\/wp-json\/wp\/v2\/ufaq-category?post=2951"},{"taxonomy":"ufaq-tag","embeddable":true,"href":"https:\/\/www.easysoft.de\/blog\/wp-json\/wp\/v2\/ufaq-tag?post=2951"}],"curies":[{"name":"wp","href":"https:\/\/api.w.org\/{rel}","templated":true}]}}

Wie viele Pflegekräfte schreibt das Gesetz pro Bewohner vor?

<style>.ewd-ufaq-faq-title-text{
margin-top: 0px;
}

.ewd-ufaq-post-margin-symbol.ewd-ufaq- span{
font-size:22px !important;
}</style><div  class="ewd-ufaq-faq-list ewd-ufaq-page-type-distinct ewd-ufaq-category-tabs-" id='ewd-ufaq-faq-list'>

	<input type='hidden' name='show_on_load' value='' id='ewd-ufaq-show-on-load' />
<input type='hidden' name='include_category' value='' id='ewd-ufaq-include-category' />
<input type='hidden' name='exclude_category' value='' id='ewd-ufaq-exclude-category' />
<input type='hidden' name='orderby' value='title' id='ewd-ufaq-orderby' />
<input type='hidden' name='order' value='asc' id='ewd-ufaq-order' />
<input type='hidden' name='post_count' value='-1' id='ewd-ufaq-post-count' />
<input type='hidden' name='current_url' value='/blog/wp-json/wp/v2/ufaq/2951' id='ewd-ufaq-current-url' />
	
	
	<div class='ewd-ufaq-faqs'>

		<div  class="ewd-ufaq-faq-div ewd-ufaq-faq-column-count-one ewd-ufaq-faq-responsive-columns- ewd-ufaq-faq-display-style-default ewd-ufaq-can-be-toggled" id='ewd-ufaq-post-2951-WT2BrF0ryw' data-post_id='2951'>

		
	<div class='ewd-ufaq-faq-title ewd-ufaq-faq-toggle'>
	
	<a class='ewd-ufaq-post-margin'  href='#' role="button">

		<div class='ewd-ufaq-post-margin-symbol ewd-ufaq-'>
			<span >A</span>
		</div>

		<div class='ewd-ufaq-faq-title-text'>

			<h4>
				Wie viele Pflegekräfte schreibt das Gesetz pro Bewohner vor?			</h4>

		</div>

		<div class='ewd-ufaq-clear'></div>

	</a>
	
</div>
	
	<div class='ewd-ufaq-faq-body' >

		
			
		
			<div class='ewd-ufaq-post-margin ewd-ufaq-faq-post'>
	
<p>Wie viele Pflegekräfte pro Bewohner nötig sind, hängt vom Pflegegrad ab. Nach § 113c SGB XI gibt es feste Werte. Zum Beispiel müssen pro Bewohnerin mit Pflegegrad 5 folgende Qualifikationen in der Einrichtung vorhanden sein:  </p>



<ul class="wp-block-list">
<li><strong>0,1758 Vollzeitäquivalente (VZÄ) Hilfskraftpersonal ohne Ausbildung</strong> </li>



<li><strong>0,1102 VZÄ Hilfskraftpersonal</strong> mit landesrechtlich geregelter Helfer- oder Assistenzausbildung in der Pflege mit einer Ausbildungsdauer von mindestens einem Jahr</li>



<li><strong>0,3842 VZÄ Fachkraftpersonal</strong></li>
</ul>



<p>Die detaillierte Auflistung des benötigten Personalschlüssels finden Sie <a href="https://www.gesetze-im-internet.de/sgb_11/__113c.html" target="_blank" rel="noreferrer noopener">im Gesetzestext</a>. Hiermit lässt sich genau berechnen, wie viele Pflegekräfte eine Einrichtung insgesamt einsetzen muss. Eine Hilfe dabei ist unser <a href="https://www.easysoft.de/blog/personalbemessung-pflege-vollzeitaequivalent-berechnen/">Excel-Rechner für die Personalbemessung</a>.</p>
</div>
		
			
		
			
		
			
		
			
		
			
		
			
		
			
		
			
		
	</div>

</div>
	</div>

	
</div>

<p>A Wie viele Pflegekräfte schreibt das Gesetz pro Bewohner vor? Wie viele Pflegekräfte pro Bewohner nötig sind, hängt vom Pflegegrad ab. Nach § 113c SGB (&#8230;)</p>

<!-- This site is optimized with the Yoast SEO plugin v27.5 - https://yoast.com/product/yoast-seo-wordpress/ -->
<title>Wie viele Pflegekräfte schreibt das Gesetz pro Bewohner vor? - Der easySoft-Blog</title>
<meta name="robots" content="index, follow, max-snippet:-1, max-image-preview:large, max-video-preview:-1" />
<link rel="canonical" href="https://www.easysoft.de/blog/ufaq/wie-viele-pflegekraefte-schreibt-das-gesetz-pro-bewohner-vor/" />
<meta property="og:locale" content="de_DE" />
<meta property="og:type" content="article" />
<meta property="og:title" content="Wie viele Pflegekräfte schreibt das Gesetz pro Bewohner vor? - Der easySoft-Blog" />
<meta property="og:description" content="A Wie viele Pflegekräfte schreibt das Gesetz pro Bewohner vor? Wie viele Pflegekräfte pro Bewohner nötig sind, hängt vom Pflegegrad ab. Nach § 113c SGB (...)" />
<meta property="og:url" content="https://www.easysoft.de/blog/ufaq/wie-viele-pflegekraefte-schreibt-das-gesetz-pro-bewohner-vor/" />
<meta property="og:site_name" content="Der easySoft-Blog" />
<meta name="twitter:card" content="summary_large_image" />
<meta name="twitter:label1" content="Geschätzte Lesezeit" />
	<meta name="twitter:data1" content="1 Minute" />
<script type="application/ld+json" class="yoast-schema-graph">{"@context":"https:\/\/schema.org","@graph":[{"@type":"WebPage","@id":"https:\/\/www.easysoft.de\/blog\/ufaq\/wie-viele-pflegekraefte-schreibt-das-gesetz-pro-bewohner-vor\/","url":"https:\/\/www.easysoft.de\/blog\/ufaq\/wie-viele-pflegekraefte-schreibt-das-gesetz-pro-bewohner-vor\/","name":"Wie viele Pflegekräfte schreibt das Gesetz pro Bewohner vor? - Der easySoft-Blog","isPartOf":{"@id":"https:\/\/www.easysoft.de\/blog\/#website"},"datePublished":"2025-09-15T11:44:38+00:00","breadcrumb":{"@id":"https:\/\/www.easysoft.de\/blog\/ufaq\/wie-viele-pflegekraefte-schreibt-das-gesetz-pro-bewohner-vor\/#breadcrumb"},"inLanguage":"de","potentialAction":[{"@type":"ReadAction","target":["https:\/\/www.easysoft.de\/blog\/ufaq\/wie-viele-pflegekraefte-schreibt-das-gesetz-pro-bewohner-vor\/"]}]},{"@type":"BreadcrumbList","@id":"https:\/\/www.easysoft.de\/blog\/ufaq\/wie-viele-pflegekraefte-schreibt-das-gesetz-pro-bewohner-vor\/#breadcrumb","itemListElement":[{"@type":"ListItem","position":1,"name":"Home","item":"https:\/\/www.easysoft.de\/blog\/"},{"@type":"ListItem","position":2,"name":"FAQs","item":"https:\/\/www.easysoft.de\/blog\/ufaq\/"},{"@type":"ListItem","position":3,"name":"Wie viele Pflegekräfte schreibt das Gesetz pro Bewohner vor?"}]},{"@type":"WebSite","@id":"https:\/\/www.easysoft.de\/blog\/#website","url":"https:\/\/www.easysoft.de\/blog\/","name":"Der easySoft-Blog","description":"Neues zu Ausbildung, Fortbildung und Personalentwicklung im Gesundheitswesen","potentialAction":[{"@type":"SearchAction","target":{"@type":"EntryPoint","urlTemplate":"https:\/\/www.easysoft.de\/blog\/?s={search_term_string}"},"query-input":{"@type":"PropertyValueSpecification","valueRequired":true,"valueName":"search_term_string"}}],"inLanguage":"de"}]}</script>
<!-- / Yoast SEO plugin. -->

Wie viele Pflegekräfte schreibt das Gesetz pro Bewohner vor? - Der easySoft-Blog

A Wie viele Pflegekräfte schreibt das Gesetz pro Bewohner vor? Wie viele Pflegekräfte pro Bewohner nötig sind, hängt vom Pflegegrad ab. Nach § 113c SGB (...)
