{"id":2945,"date":"2025-09-11T14:51:14","date_gmt":"2025-09-11T12:51:14","guid":{"rendered":"https:\/\/www.easysoft.de\/blog\/?post_type=ufaq&#038;p=2945"},"modified":"2025-09-11T14:51:14","modified_gmt":"2025-09-11T12:51:14","slug":"welche-digitalen-tools-unterstuetzen-beim-monitoring-von-fehlzeiten-in-der-ausbildung","status":"publish","type":"ufaq","link":"https:\/\/www.easysoft.de\/blog\/ufaq\/welche-digitalen-tools-unterstuetzen-beim-monitoring-von-fehlzeiten-in-der-ausbildung\/","title":{"rendered":"Welche digitalen Tools unterst\u00fctzen beim Monitoring von Fehlzeiten in der Ausbildung?"},"content":{"rendered":"<style>.ewd-ufaq-faq-title-text{\r\nmargin-top: 0px;\r\n}\r\n\r\n.ewd-ufaq-post-margin-symbol.ewd-ufaq- span{\r\nfont-size:22px !important;\r\n}<\/style><div  class=\"ewd-ufaq-faq-list ewd-ufaq-page-type-distinct ewd-ufaq-category-tabs-\" id='ewd-ufaq-faq-list'>\n\n\t<input type='hidden' name='show_on_load' value='' id='ewd-ufaq-show-on-load' \/>\n<input type='hidden' name='include_category' value='' id='ewd-ufaq-include-category' \/>\n<input type='hidden' name='exclude_category' value='' id='ewd-ufaq-exclude-category' \/>\n<input type='hidden' name='orderby' value='title' id='ewd-ufaq-orderby' \/>\n<input type='hidden' name='order' value='asc' id='ewd-ufaq-order' \/>\n<input type='hidden' name='post_count' value='-1' id='ewd-ufaq-post-count' \/>\n<input type='hidden' name='current_url' value='\/blog\/wp-json\/wp\/v2\/ufaq\/2945' id='ewd-ufaq-current-url' \/>\n\t\n\t\n\t<div class='ewd-ufaq-faqs'>\n\n\t\t<div  class=\"ewd-ufaq-faq-div ewd-ufaq-faq-column-count-one ewd-ufaq-faq-responsive-columns- ewd-ufaq-faq-display-style-default ewd-ufaq-can-be-toggled\" id='ewd-ufaq-post-2945-Fr8RgSvz0I' data-post_id='2945'>\n\n\t\t\n\t<div class='ewd-ufaq-faq-title ewd-ufaq-faq-toggle'>\n\t\n\t<a class='ewd-ufaq-post-margin'  href='#' role=\"button\">\n\n\t\t<div class='ewd-ufaq-post-margin-symbol ewd-ufaq-'>\n\t\t\t<span >A<\/span>\n\t\t<\/div>\n\n\t\t<div class='ewd-ufaq-faq-title-text'>\n\n\t\t\t<h4>\n\t\t\t\tWelche digitalen Tools unterst\u00fctzen beim Monitoring von Fehlzeiten in der Ausbildung?\t\t\t<\/h4>\n\n\t\t<\/div>\n\n\t\t<div class='ewd-ufaq-clear'><\/div>\n\n\t<\/a>\n\t\n<\/div>\n\t\n\t<div class='ewd-ufaq-faq-body' >\n\n\t\t\n\t\t\t\n\t\t\n\t\t\t<div class='ewd-ufaq-post-margin ewd-ufaq-faq-post'>\n\t\n<p>Mit easySoft behalten Pflegeschulen, Lehrkr\u00e4fte und Praxisanleitende den \u00dcberblick \u00fcber Fehlzeiten. Die Software zeigt Soll- und Ist-Stunden transparent an und signalisiert \u00fcber eine Fehlzeiten-Ampel, wenn kritische Grenzwerte erreicht werden. Pl\u00e4ne, Klassenbuch und Fehlzeiten lassen sich online einsehen, sodass alle Beteiligten jederzeit informiert sind. \u00dcber Schnittstellen k\u00f6nnen Fehlzeiten direkt mit dem Dienstplan abgeglichen werden. So wird Doppelarbeit vermieden und die Verwaltung sp\u00fcrbar entlastet.<\/p>\n<\/div>\n\t\t\n\t\t\t\n\t\t\n\t\t\t\n\t\t\n\t\t\t\n\t\t\n\t\t\t\n\t\t\n\t\t\t\n\t\t\n\t\t\t\n\t\t\n\t\t\t\n\t\t\n\t\t\t\n\t\t\n\t<\/div>\n\n<\/div>\n\t<\/div>\n\n\t\n<\/div>","protected":false},"excerpt":{"rendered":"<p>A Welche digitalen Tools unterst\u00fctzen beim Monitoring von Fehlzeiten in der Ausbildung? Mit easySoft behalten Pflegeschulen, Lehrkr\u00e4fte und Praxisanleitende den \u00dcberblick \u00fcber Fehlzeiten. Die Software (&#8230;)<\/p>\n","protected":false},"author":12,"featured_media":0,"comment_status":"open","ping_status":"closed","template":"","ufaq-category":[276],"ufaq-tag":[],"class_list":["post-2945","ufaq","type-ufaq","status-publish","hentry","ufaq-category-fehlzeiten-reduzieren"],"acf":[],"yoast_head":"<!-- This site is optimized with the Yoast SEO plugin v27.5 - https:\/\/yoast.com\/product\/yoast-seo-wordpress\/ -->\n<title>Welche digitalen Tools unterst\u00fctzen beim Monitoring von Fehlzeiten in der Ausbildung? - Der easySoft-Blog<\/title>\n<meta name=\"robots\" content=\"index, follow, max-snippet:-1, max-image-preview:large, max-video-preview:-1\" \/>\n<link rel=\"canonical\" href=\"https:\/\/www.easysoft.de\/blog\/ufaq\/welche-digitalen-tools-unterstuetzen-beim-monitoring-von-fehlzeiten-in-der-ausbildung\/\" \/>\n<meta property=\"og:locale\" content=\"de_DE\" \/>\n<meta property=\"og:type\" content=\"article\" \/>\n<meta property=\"og:title\" content=\"Welche digitalen Tools unterst\u00fctzen beim Monitoring von Fehlzeiten in der Ausbildung? - Der easySoft-Blog\" \/>\n<meta property=\"og:description\" content=\"A Welche digitalen Tools unterst\u00fctzen beim Monitoring von Fehlzeiten in der Ausbildung? Mit easySoft behalten Pflegeschulen, Lehrkr\u00e4fte und Praxisanleitende den \u00dcberblick \u00fcber Fehlzeiten. Die Software (...)\" \/>\n<meta property=\"og:url\" content=\"https:\/\/www.easysoft.de\/blog\/ufaq\/welche-digitalen-tools-unterstuetzen-beim-monitoring-von-fehlzeiten-in-der-ausbildung\/\" \/>\n<meta property=\"og:site_name\" content=\"Der easySoft-Blog\" \/>\n<meta name=\"twitter:card\" content=\"summary_large_image\" \/>\n<meta name=\"twitter:label1\" content=\"Gesch\u00e4tzte Lesezeit\" \/>\n\t<meta name=\"twitter:data1\" content=\"1\u00a0Minute\" \/>\n<script type=\"application\/ld+json\" class=\"yoast-schema-graph\">{\"@context\":\"https:\\\/\\\/schema.org\",\"@graph\":[{\"@type\":\"WebPage\",\"@id\":\"https:\\\/\\\/www.easysoft.de\\\/blog\\\/ufaq\\\/welche-digitalen-tools-unterstuetzen-beim-monitoring-von-fehlzeiten-in-der-ausbildung\\\/\",\"url\":\"https:\\\/\\\/www.easysoft.de\\\/blog\\\/ufaq\\\/welche-digitalen-tools-unterstuetzen-beim-monitoring-von-fehlzeiten-in-der-ausbildung\\\/\",\"name\":\"Welche digitalen Tools unterst\u00fctzen beim Monitoring von Fehlzeiten in der Ausbildung? - Der easySoft-Blog\",\"isPartOf\":{\"@id\":\"https:\\\/\\\/www.easysoft.de\\\/blog\\\/#website\"},\"datePublished\":\"2025-09-11T12:51:14+00:00\",\"breadcrumb\":{\"@id\":\"https:\\\/\\\/www.easysoft.de\\\/blog\\\/ufaq\\\/welche-digitalen-tools-unterstuetzen-beim-monitoring-von-fehlzeiten-in-der-ausbildung\\\/#breadcrumb\"},\"inLanguage\":\"de\",\"potentialAction\":[{\"@type\":\"ReadAction\",\"target\":[\"https:\\\/\\\/www.easysoft.de\\\/blog\\\/ufaq\\\/welche-digitalen-tools-unterstuetzen-beim-monitoring-von-fehlzeiten-in-der-ausbildung\\\/\"]}]},{\"@type\":\"BreadcrumbList\",\"@id\":\"https:\\\/\\\/www.easysoft.de\\\/blog\\\/ufaq\\\/welche-digitalen-tools-unterstuetzen-beim-monitoring-von-fehlzeiten-in-der-ausbildung\\\/#breadcrumb\",\"itemListElement\":[{\"@type\":\"ListItem\",\"position\":1,\"name\":\"Home\",\"item\":\"https:\\\/\\\/www.easysoft.de\\\/blog\\\/\"},{\"@type\":\"ListItem\",\"position\":2,\"name\":\"FAQs\",\"item\":\"https:\\\/\\\/www.easysoft.de\\\/blog\\\/ufaq\\\/\"},{\"@type\":\"ListItem\",\"position\":3,\"name\":\"Welche digitalen Tools unterst\u00fctzen beim Monitoring von Fehlzeiten in der Ausbildung?\"}]},{\"@type\":\"WebSite\",\"@id\":\"https:\\\/\\\/www.easysoft.de\\\/blog\\\/#website\",\"url\":\"https:\\\/\\\/www.easysoft.de\\\/blog\\\/\",\"name\":\"Der easySoft-Blog\",\"description\":\"Neues zu Ausbildung, Fortbildung und Personalentwicklung im Gesundheitswesen\",\"potentialAction\":[{\"@type\":\"SearchAction\",\"target\":{\"@type\":\"EntryPoint\",\"urlTemplate\":\"https:\\\/\\\/www.easysoft.de\\\/blog\\\/?s={search_term_string}\"},\"query-input\":{\"@type\":\"PropertyValueSpecification\",\"valueRequired\":true,\"valueName\":\"search_term_string\"}}],\"inLanguage\":\"de\"}]}<\/script>\n<!-- \/ Yoast SEO plugin. -->","yoast_head_json":{"title":"Welche digitalen Tools unterst\u00fctzen beim Monitoring von Fehlzeiten in der Ausbildung? - Der easySoft-Blog","robots":{"index":"index","follow":"follow","max-snippet":"max-snippet:-1","max-image-preview":"max-image-preview:large","max-video-preview":"max-video-preview:-1"},"canonical":"https:\/\/www.easysoft.de\/blog\/ufaq\/welche-digitalen-tools-unterstuetzen-beim-monitoring-von-fehlzeiten-in-der-ausbildung\/","og_locale":"de_DE","og_type":"article","og_title":"Welche digitalen Tools unterst\u00fctzen beim Monitoring von Fehlzeiten in der Ausbildung? - Der easySoft-Blog","og_description":"A Welche digitalen Tools unterst\u00fctzen beim Monitoring von Fehlzeiten in der Ausbildung? Mit easySoft behalten Pflegeschulen, Lehrkr\u00e4fte und Praxisanleitende den \u00dcberblick \u00fcber Fehlzeiten. Die Software (...)","og_url":"https:\/\/www.easysoft.de\/blog\/ufaq\/welche-digitalen-tools-unterstuetzen-beim-monitoring-von-fehlzeiten-in-der-ausbildung\/","og_site_name":"Der easySoft-Blog","twitter_card":"summary_large_image","twitter_misc":{"Gesch\u00e4tzte Lesezeit":"1\u00a0Minute"},"schema":{"@context":"https:\/\/schema.org","@graph":[{"@type":"WebPage","@id":"https:\/\/www.easysoft.de\/blog\/ufaq\/welche-digitalen-tools-unterstuetzen-beim-monitoring-von-fehlzeiten-in-der-ausbildung\/","url":"https:\/\/www.easysoft.de\/blog\/ufaq\/welche-digitalen-tools-unterstuetzen-beim-monitoring-von-fehlzeiten-in-der-ausbildung\/","name":"Welche digitalen Tools unterst\u00fctzen beim Monitoring von Fehlzeiten in der Ausbildung? - Der easySoft-Blog","isPartOf":{"@id":"https:\/\/www.easysoft.de\/blog\/#website"},"datePublished":"2025-09-11T12:51:14+00:00","breadcrumb":{"@id":"https:\/\/www.easysoft.de\/blog\/ufaq\/welche-digitalen-tools-unterstuetzen-beim-monitoring-von-fehlzeiten-in-der-ausbildung\/#breadcrumb"},"inLanguage":"de","potentialAction":[{"@type":"ReadAction","target":["https:\/\/www.easysoft.de\/blog\/ufaq\/welche-digitalen-tools-unterstuetzen-beim-monitoring-von-fehlzeiten-in-der-ausbildung\/"]}]},{"@type":"BreadcrumbList","@id":"https:\/\/www.easysoft.de\/blog\/ufaq\/welche-digitalen-tools-unterstuetzen-beim-monitoring-von-fehlzeiten-in-der-ausbildung\/#breadcrumb","itemListElement":[{"@type":"ListItem","position":1,"name":"Home","item":"https:\/\/www.easysoft.de\/blog\/"},{"@type":"ListItem","position":2,"name":"FAQs","item":"https:\/\/www.easysoft.de\/blog\/ufaq\/"},{"@type":"ListItem","position":3,"name":"Welche digitalen Tools unterst\u00fctzen beim Monitoring von Fehlzeiten in der Ausbildung?"}]},{"@type":"WebSite","@id":"https:\/\/www.easysoft.de\/blog\/#website","url":"https:\/\/www.easysoft.de\/blog\/","name":"Der easySoft-Blog","description":"Neues zu Ausbildung, Fortbildung und Personalentwicklung im Gesundheitswesen","potentialAction":[{"@type":"SearchAction","target":{"@type":"EntryPoint","urlTemplate":"https:\/\/www.easysoft.de\/blog\/?s={search_term_string}"},"query-input":{"@type":"PropertyValueSpecification","valueRequired":true,"valueName":"search_term_string"}}],"inLanguage":"de"}]}},"_links":{"self":[{"href":"https:\/\/www.easysoft.de\/blog\/wp-json\/wp\/v2\/ufaq\/2945","targetHints":{"allow":["GET"]}}],"collection":[{"href":"https:\/\/www.easysoft.de\/blog\/wp-json\/wp\/v2\/ufaq"}],"about":[{"href":"https:\/\/www.easysoft.de\/blog\/wp-json\/wp\/v2\/types\/ufaq"}],"author":[{"embeddable":true,"href":"https:\/\/www.easysoft.de\/blog\/wp-json\/wp\/v2\/users\/12"}],"replies":[{"embeddable":true,"href":"https:\/\/www.easysoft.de\/blog\/wp-json\/wp\/v2\/comments?post=2945"}],"wp:attachment":[{"href":"https:\/\/www.easysoft.de\/blog\/wp-json\/wp\/v2\/media?parent=2945"}],"wp:term":[{"taxonomy":"ufaq-category","embeddable":true,"href":"https:\/\/www.easysoft.de\/blog\/wp-json\/wp\/v2\/ufaq-category?post=2945"},{"taxonomy":"ufaq-tag","embeddable":true,"href":"https:\/\/www.easysoft.de\/blog\/wp-json\/wp\/v2\/ufaq-tag?post=2945"}],"curies":[{"name":"wp","href":"https:\/\/api.w.org\/{rel}","templated":true}]}}

Welche digitalen Tools unterstützen beim Monitoring von Fehlzeiten in der Ausbildung?

<style>.ewd-ufaq-faq-title-text{
margin-top: 0px;
}

.ewd-ufaq-post-margin-symbol.ewd-ufaq- span{
font-size:22px !important;
}</style><div  class="ewd-ufaq-faq-list ewd-ufaq-page-type-distinct ewd-ufaq-category-tabs-" id='ewd-ufaq-faq-list'>

	<input type='hidden' name='show_on_load' value='' id='ewd-ufaq-show-on-load' />
<input type='hidden' name='include_category' value='' id='ewd-ufaq-include-category' />
<input type='hidden' name='exclude_category' value='' id='ewd-ufaq-exclude-category' />
<input type='hidden' name='orderby' value='title' id='ewd-ufaq-orderby' />
<input type='hidden' name='order' value='asc' id='ewd-ufaq-order' />
<input type='hidden' name='post_count' value='-1' id='ewd-ufaq-post-count' />
<input type='hidden' name='current_url' value='/blog/wp-json/wp/v2/ufaq/2945' id='ewd-ufaq-current-url' />
	
	
	<div class='ewd-ufaq-faqs'>

		<div  class="ewd-ufaq-faq-div ewd-ufaq-faq-column-count-one ewd-ufaq-faq-responsive-columns- ewd-ufaq-faq-display-style-default ewd-ufaq-can-be-toggled" id='ewd-ufaq-post-2945-Fr8RgSvz0I' data-post_id='2945'>

		
	<div class='ewd-ufaq-faq-title ewd-ufaq-faq-toggle'>
	
	<a class='ewd-ufaq-post-margin'  href='#' role="button">

		<div class='ewd-ufaq-post-margin-symbol ewd-ufaq-'>
			<span >A</span>
		</div>

		<div class='ewd-ufaq-faq-title-text'>

			<h4>
				Welche digitalen Tools unterstützen beim Monitoring von Fehlzeiten in der Ausbildung?			</h4>

		</div>

		<div class='ewd-ufaq-clear'></div>

	</a>
	
</div>
	
	<div class='ewd-ufaq-faq-body' >

		
			
		
			<div class='ewd-ufaq-post-margin ewd-ufaq-faq-post'>
	
<p>Mit easySoft behalten Pflegeschulen, Lehrkräfte und Praxisanleitende den Überblick über Fehlzeiten. Die Software zeigt Soll- und Ist-Stunden transparent an und signalisiert über eine Fehlzeiten-Ampel, wenn kritische Grenzwerte erreicht werden. Pläne, Klassenbuch und Fehlzeiten lassen sich online einsehen, sodass alle Beteiligten jederzeit informiert sind. Über Schnittstellen können Fehlzeiten direkt mit dem Dienstplan abgeglichen werden. So wird Doppelarbeit vermieden und die Verwaltung spürbar entlastet.</p>
</div>
		
			
		
			
		
			
		
			
		
			
		
			
		
			
		
			
		
	</div>

</div>
	</div>

	
</div>

<p>A Welche digitalen Tools unterstützen beim Monitoring von Fehlzeiten in der Ausbildung? Mit easySoft behalten Pflegeschulen, Lehrkräfte und Praxisanleitende den Überblick über Fehlzeiten. Die Software (&#8230;)</p>

<!-- This site is optimized with the Yoast SEO plugin v27.5 - https://yoast.com/product/yoast-seo-wordpress/ -->
<title>Welche digitalen Tools unterstützen beim Monitoring von Fehlzeiten in der Ausbildung? - Der easySoft-Blog</title>
<meta name="robots" content="index, follow, max-snippet:-1, max-image-preview:large, max-video-preview:-1" />
<link rel="canonical" href="https://www.easysoft.de/blog/ufaq/welche-digitalen-tools-unterstuetzen-beim-monitoring-von-fehlzeiten-in-der-ausbildung/" />
<meta property="og:locale" content="de_DE" />
<meta property="og:type" content="article" />
<meta property="og:title" content="Welche digitalen Tools unterstützen beim Monitoring von Fehlzeiten in der Ausbildung? - Der easySoft-Blog" />
<meta property="og:description" content="A Welche digitalen Tools unterstützen beim Monitoring von Fehlzeiten in der Ausbildung? Mit easySoft behalten Pflegeschulen, Lehrkräfte und Praxisanleitende den Überblick über Fehlzeiten. Die Software (...)" />
<meta property="og:url" content="https://www.easysoft.de/blog/ufaq/welche-digitalen-tools-unterstuetzen-beim-monitoring-von-fehlzeiten-in-der-ausbildung/" />
<meta property="og:site_name" content="Der easySoft-Blog" />
<meta name="twitter:card" content="summary_large_image" />
<meta name="twitter:label1" content="Geschätzte Lesezeit" />
	<meta name="twitter:data1" content="1 Minute" />
<script type="application/ld+json" class="yoast-schema-graph">{"@context":"https:\/\/schema.org","@graph":[{"@type":"WebPage","@id":"https:\/\/www.easysoft.de\/blog\/ufaq\/welche-digitalen-tools-unterstuetzen-beim-monitoring-von-fehlzeiten-in-der-ausbildung\/","url":"https:\/\/www.easysoft.de\/blog\/ufaq\/welche-digitalen-tools-unterstuetzen-beim-monitoring-von-fehlzeiten-in-der-ausbildung\/","name":"Welche digitalen Tools unterstützen beim Monitoring von Fehlzeiten in der Ausbildung? - Der easySoft-Blog","isPartOf":{"@id":"https:\/\/www.easysoft.de\/blog\/#website"},"datePublished":"2025-09-11T12:51:14+00:00","breadcrumb":{"@id":"https:\/\/www.easysoft.de\/blog\/ufaq\/welche-digitalen-tools-unterstuetzen-beim-monitoring-von-fehlzeiten-in-der-ausbildung\/#breadcrumb"},"inLanguage":"de","potentialAction":[{"@type":"ReadAction","target":["https:\/\/www.easysoft.de\/blog\/ufaq\/welche-digitalen-tools-unterstuetzen-beim-monitoring-von-fehlzeiten-in-der-ausbildung\/"]}]},{"@type":"BreadcrumbList","@id":"https:\/\/www.easysoft.de\/blog\/ufaq\/welche-digitalen-tools-unterstuetzen-beim-monitoring-von-fehlzeiten-in-der-ausbildung\/#breadcrumb","itemListElement":[{"@type":"ListItem","position":1,"name":"Home","item":"https:\/\/www.easysoft.de\/blog\/"},{"@type":"ListItem","position":2,"name":"FAQs","item":"https:\/\/www.easysoft.de\/blog\/ufaq\/"},{"@type":"ListItem","position":3,"name":"Welche digitalen Tools unterstützen beim Monitoring von Fehlzeiten in der Ausbildung?"}]},{"@type":"WebSite","@id":"https:\/\/www.easysoft.de\/blog\/#website","url":"https:\/\/www.easysoft.de\/blog\/","name":"Der easySoft-Blog","description":"Neues zu Ausbildung, Fortbildung und Personalentwicklung im Gesundheitswesen","potentialAction":[{"@type":"SearchAction","target":{"@type":"EntryPoint","urlTemplate":"https:\/\/www.easysoft.de\/blog\/?s={search_term_string}"},"query-input":{"@type":"PropertyValueSpecification","valueRequired":true,"valueName":"search_term_string"}}],"inLanguage":"de"}]}</script>
<!-- / Yoast SEO plugin. -->

Welche digitalen Tools unterstützen beim Monitoring von Fehlzeiten in der Ausbildung? - Der easySoft-Blog

A Welche digitalen Tools unterstützen beim Monitoring von Fehlzeiten in der Ausbildung? Mit easySoft behalten Pflegeschulen, Lehrkräfte und Praxisanleitende den Überblick über Fehlzeiten. Die Software (...)
